. Calculate the highest common divisor of 207 and j.
69
Let y(z) = -35*z + 479. Let o be y(-38). What is the greatest common factor of 67 and o?
67
Let g(h) = 45*h - 291. Let n be g(11). What is the greatest common divisor of n and 66?
6
Let v(c) be the third derivative of -c**4/3 + 2*c**3/3 + c**2. Let z be v(-2). Let g = 18 + 2. Calculate the greatest common divisor of g and z.
20
Let s(i) = 8*i**2 - 5*i + 3. Suppose 5*g + 2*l - 10 = 0, 2 = 6*g - 5*g + 3*l. Let j be s(g). What is the highest common divisor of 275 and j?
25
Let b = -22 + 80. Suppose b + 2 = 3*t. Calculate the highest common factor of t and 180.
20
Suppose 0 = -3*a - 2*a - 20. Let j = a + 25. Calculate the highest common divisor of j and 189.
21
Suppose y = 10 + 23. What is the greatest common factor of 363 and y?
33
Suppose -70*r + 31*r = -2145. Let d(s) = s**2 + s - 1. Let b be d(2). Calculate the greatest common factor of r and b.
5
Suppose -30*c - 6*c = -7200. Calculate the highest common divisor of 250 and c.
50
Suppose -1083 - 113 = -4*x. What is the highest common factor of x and 46?
23
Let j be (-1*(-1 + 1))/2. Suppose -4*t + 20 + 0 = j. Suppose 0 = -5*p - 5*o + 40, 0 = 3*p + p + t*o - 30. What is the highest common factor of p and 25?
5
Let r = 602 - 598. Calculate the greatest common divisor of r and 124.
4
Suppose 5*w + 23 = 6*w. Suppose -22*n + w*n - 4 = 0. Calculate the greatest common factor of 2 and n.
2
Let j(n) = -6*n - 70. Let q be j(-17). Calculate the greatest common factor of 128 and q.
32
Let r = 146 + -136. Let d be 14/(-35) - (-1804)/r. What is the greatest common factor of 20 and d?
20
Let v(p) = -p - 9. Let n be v(-9). Suppose n = -2*t - 12 + 48. Suppose -t = -2*d - 0*d. Calculate the highest common factor of d and 72.
9
Let y = -154 - -162. What is the greatest common factor of 6 and y?
2
Let k = 7 + 0. Suppose 57*i - 65*i = -56. Calculate the highest common factor of k and i.
7
Suppose 0 = -52*z - 12*z + 13440. What is the greatest common divisor of 90 and z?
30
Let m = 17 - -152. What is the highest common divisor of m and 26?
13
Let j be -2*7/21*6/(-2). Suppose -54 = -j*x - 3*d, 11*x - 2*d - 97 = 6*x. What is the greatest common factor of 42 and x?
21
Let x = -1521 - -1530. Calculate the greatest common factor of 909 and x.
9
Suppose 40*v + 4*r - 56 = 36*v, 5*v - 2*r - 70 = 0. Suppose 12 = -4*m + 40. Calculate the greatest common divisor of m and v.
7
Let w = 691 - 644. What is the greatest common factor of w and 1739?
47
Suppose -2*g = -17 + 3. Let p(u) = 2*u**2 + 8*u - 1. Let w be p(g). Calculate the greatest common factor of w and 17.
17
Suppose -4*j - 615 - 21 = -4*p, j + 803 = 5*p. Calculate the greatest common factor of 46 and p.
23
Let b be 2 + (1 - 6) + 33. Let x(v) = -2*v + 6. Let y be x(10). Let r = 24 + y. What is the greatest common factor of r and b?
10
Let i(a) = -a**2 + 10*a + 11. Let q be i(11). Suppose q = -5*b + 6 + 9. Let s be 465/(-10)*(-2)/b. What is the greatest common factor of s and 341?
31
Let l be 4/(-12)*141*-1 + -1. Suppose -u = u - l. What is the greatest common factor of 92 and u?
23
Let b = 122 + -118. Suppose -23 = -f - 3. What is the greatest common factor of b and f?
4
Suppose 0 = -52*u + 1254 + 4570. Calculate the greatest common divisor of u and 304.
16
Suppose 10 - 22 = 4*v. Let x be (v - -3)/(9/3). Suppose x = 5*k - 2*j + 4*j - 148, k = j + 24. Calculate the highest common divisor of 308 and k.
28
Let q be (72/(-21))/((-4)/14). Suppose 0 = q*c - 830 + 254. Calculate the greatest common divisor of c and 6.
6
Let f = -253 - -645. What is the greatest common factor of 16 and f?
8
Let b(o) = o**2 - o - 4. Let u be b(-3). Suppose u*c + 45 = 11*c. Let l = 13 - 3. What is the greatest common divisor of l and c?
5
Let f(j) = j**3 - j**2 - 9*j. Let q be f(4). Suppose -2*x + 2*g + 27 = -75, -129 = -3*x - 5*g. Calculate the greatest common divisor of q and x.
12
Let u(m) = -m**3 + 17*m**2 - 15*m + 36. Let r be u(16). Calculate the highest common factor of 26 and r.
26
Suppose -3*q - 50 = -8*q - 5*u, -3*u + 6 = 0. Suppose 0 = -q*r - 5*r + 1456. Calculate the greatest common divisor of r and 28.
28
Let a(q) = -10*q - 30. Let l be a(-6). Let k = 11 - 6. Suppose -k*w - 22 = -2, -2*b - 2*w = -16. Calculate the highest common divisor of b and l.
6
Suppose -5*f + 138 + 102 = 0. Let g(d) = d**3 - 13*d**2 + 14*d - 12. Let b be g(12). Calculate the greatest common factor of f and b.
12
Suppose 12 = -2*q + 44. Let j(m) be the second derivative of m**4/3 + 4*m. Let u be j(-6). Calculate the highest common factor of q and u.
16
Let x = -4 - -8. Let m = 10 - 10. Suppose 5*r - 65 - 155 = m. What is the highest common factor of r and x?
4
Let l = 8 - 13. Let i(j) be the second derivative of -j**4/12 - 7*j**3/6 - j**2/2 + 7*j. Let d be i(l). What is the highest common divisor of d and 72?
9
Let j(t) = -2*t**3 + 18*t**2 - 18*t + 20. Let b be j(8). Calculate the greatest common factor of 46 and b.
2
Let k(x) = 4*x + 8. Let n be k(7). Suppose -n = -4*q + 44. Calculate the highest common factor of q and 50.
10
Let s(h) = 3*h + 10. Let z(v) = 11 + 2*v + 2*v + 0*v. Let q(w) = -5*s(w) + 4*z(w). Let i be q(11). What is the highest common factor of 55 and i?
5
Let w be (5 - 4)/(-1) + (-40)/(-2). Suppose -21*v + 10 = -w*v. Calculate the greatest common divisor of 55 and v.
5
Let t = 10 + -9. Let y(r) = -r**2 + 3*r - 1. Let z be y(t). Let k be (z - 0) + 84/6. Calculate the highest common factor of k and 3.
3
Let l = -21 + 31. Let c be 2*(85/l + -4). Let p be 4/(-10) - (-34)/10. Calculate the greatest common factor of c and p.
3
Suppose 3*l - 358 = 1292. Calculate the highest common divisor of l and 50.
50
Suppose -3*l + 4*l = 0. Let q(y) = -y**3 - y**2 + y + 2. Let u be q(l). Suppose -3*h = -9*h + 84. Calculate the greatest common divisor of u and h.
2
Suppose -2*h - 3*k - k = 0, 2*h - 2 = -2*k. Let w = -33 + 38. Suppose -w*i = -11 + 6. What is the greatest common divisor of i and h?
1
Let h be (((-80)/(-600))/((-4)/(-30)))/1. Suppose -5 = -3*r + 10. Calculate the greatest common divisor of r and h.
1
Suppose -118 = -4*m + 14. Let f = 1905 + -1641. What is the highest common divisor of f and m?
33
Let b = -23 + 23. Let n(k) = -4 + b*k - 4*k + 2*k. Let r be n(-8). What is the greatest common divisor of 6 and r?
6
Let u = -19 - -31. Suppose q - 2 = u. What is the highest common divisor of 7 and q?
7
Let h(i) = i**2 - 12*i + 27. Let c be h(9). Let s be (-96)/((-4)/(4 + c)). Calculate the greatest common factor of s and 24.
24
Let v = -173 - -177. What is the greatest common divisor of 4 and v?
4
Suppose 3*x = -5*q + 21, 2*q = 5*x + 5*q - 35. Calculate the greatest common divisor of x and 595.
7
Let m be 2/(-4 + 45/11). Let p(b) = -b**2 + b + 1. Let q be p(5). Let k = m + q. Calculate the highest common factor of 9 and k.
3
Suppose 120*d - 127*d = -119. Calculate the highest common divisor of d and 9.
1
Let d(f) = -f**3 + 12*f**2 - 9*f - 15. Let y be d(11). Suppose -4*g + 3*m - 219 = -y*g, 0 = 3*g + 2*m - 221. Calculate the highest common divisor of g and 30.
15
Let k = 243 + -147. Suppose 5*q - q - k = 0. Calculate the greatest common divisor of 8 and q.
8
Let x(d) = -d**3 - 11*d**2 + 11*d - 3. Let a = -50 - -38. Let k be x(a). What is the greatest common factor of 27 and k?
9
Let g be 60 + ((-24)/(-16) - 6/4). Calculate the greatest common divisor of g and 420.
60
Let n(d) = d**3 + 6*d**2 - 6*d - 2. Let m = -19 - -13. Let q be n(m). Calculate the greatest common factor of q and 136.
34
Let t be 348*-7*(-4)/8. What is the greatest common factor of t and 42?
42
Let i be -1*((-9)/12)/(3/192). Suppose 0 = -4*n + 326 - 38. Calculate the highest common factor of n and i.
24
Let n = 97 + 47. Let f(z) = -4*z - 1. Let t be f(-5). Suppose k = -c + t, -2*k - c = 4*c - 47. Calculate the highest common factor of k and n.
16
Let r be 2/(-3)*(-9)/2. Suppose r*p + 29 = -2*h, p - h = -3*h - 15. Let t be p*(-7)/(7/4). What is the greatest common divisor of 4 and t?
4
Suppose 3*l + 91 = p, -2*l - 320 = -4*p - l. Suppose -k - 3*f = 29, 0 = 4*k - 4*f + 81 + 19. Let c = p - k. Calculate the greatest common factor of c and 15.
15
Let t = -640 + 653. Let c = -2 - -5. Suppose k = c*k - 52. Calculate the greatest common divisor of t and k.
13
Let u(m) be the first deriva